42
In base 10, what is -33 - 9?
-42
In base 3, what is 2 + -20111012?
-20111010
In base 4, what is -212 + -21?
-233
In base 5, what is 1301 - -3?
1304
In base 15, what is -3 - -1a?
17
In base 5, what is 10 + 43143?
43203
In base 12, what is -ab - 5?
-b4
In base 15, what is 3 + -19?
-16
In base 2, what is -10 + 10000101011?
10000101001
In base 3, what is -22222 - 11?
-100010
In base 6, what is -4 + -4314?
-4322
In base 15, what is 0 + 2c8?
2c8
In base 14, what is 3 - -2?
5
In base 9, what is 2 + -218?
-216
In base 14, what is -c2 + 3?
-bd
In base 16, what is -c + -8?
-14
In base 3, what is -1221202 - -12?
-1221120
In base 7, what is 5 - -356?
364
In base 12, what is -89 - 32?
-bb
In base 16, what is -2a6 + 4?
-2a2
In base 16, what is -b + 6?
-5
In base 16, what is -dec + -4?
-df0
In base 8, what is -4 + -2034?
-2040
In base 15, what is -28c - 1?
-28d
In base 16, what is 11 + -a?
7
In base 3, what is -122 - 0?
-122
In base 8, what is 3 - -1065?
1070
In base 14, what is 0 - -d?
d
In base 10, what is 2 - 10?
-8
In base 9, what is 0 + 7163?
7163
In base 10, what is -15 + -404?
-419
In base 11, what is 5 + -779?
-774
In base 13, what is 33 - 4?
2c
In base 15, what is -127 - c?
-134
In base 10, what is -393 + -4?
-397
In base 13, what is -2 + -c8a?
-c8c
In base 15, what is -22 - 13?
-35
In base 3, what is -2011 - -1020?
-221
In base 10, what is -1 + 22?
21
In base 2, what is 100010111 - 11001?
11111110
In base 10, what is -1269 - 9?
-1278
In base 8, what is 3 - 125?
-122
In base 4, what is 2 - -1101?
1103
In base 3, what is 11 + -122022?
-122011
In base 15, what is -7 + -43?
-4a
In base 11, what is -4 - 73?
-77
In base 12, what is -19 + 10?
-9
In base 6, what is -1502 - 14?
-1520
In base 10, what is -952 - 0?
-952
In base 12, what is -4 - 7a?
-82
In base 12, what is 10 - -9?
19
In base 11, what is 8 + -2?
6
In base 14, what is 195 + -2?
193
In base 14, what is 63b + 5?
642
In base 6, what is -3 - 5?
-12
In base 14, what is -12 - 23c?
-250
In base 5, what is -22024 - -23?
-22001
In base 14, what is 9d + -9?
94
In base 9, what is 405 + -4?
401
In base 15, what is -2ce + -1?
-2d0
In base 7, what is 22 + -2213?
-2161
In base 4, what is -123230 - 3?
-123233
In base 15, what is -16 - -4?
-12
In base 16, what is 3ed - 4?
3e9
In base 15, what is -4 - -1c1?
1bc
In base 10, what is -2600 - 4?
-2604
In base 2, what is 10000110111 - 100?
10000110011
In base 12, what is -8 + -1b4?
-200
In base 3, what is -1022 - 0?
-1022
In base 10, what is -2 - -627?
625
In base 12, what is -1 + 82?
81
In base 9, what is -2 + -473?
-475
In base 16, what is -1 + 73?
72
In base 2, what is 1110 - -10?
10000
In base 4, what is 11131 + -23?
11102
In base 9, what is 33370 + 2?
33372
In base 9, what is -5728 - 5?
-5734
In base 6, what is 12 - 1521?
-1505
In base 15, what is -2 + 1ee?
1ec
In base 2, what is 100 - 111000001?
-110111101
In base 5, what is -12144 + -4?
-12203
In base 6, what is -45 + -211?
-300
In base 7, what is -2 - 23654?
-23656
In base 14, what is -8 + -14?
-1c
In base 10, what is 0 + -72?
-72
In base 10, what is -11 - -8?
-3
In base 15, what is -1cb + 8?
-1c3
In base 3, what is -2012011 - -102?
-2011202
In base 7, what is 64230 - -4?
64234
In base 5, what is -1030 + -114?
-1144
In base 10, what is -33 - 45?
-78
In base 7, what is 213 - 0?
213
In base 9, what is -6 + 1412?
1405
In base 5, what is -1430 - -4?
-1421
In base 3, what is 200020 + -2?
200011
In base 5, what is 1 - -212?
213
In base 16, what is 2a + -2?
28
In base 14, what is -6 + -56?
-5c
In base 6, what is -1 + -422?
-423
In base 9, what is 1008 - -3?
1012
In base 3, what is 200 - -1201?
2101
In base 3, what is -1001 + 10?
-221
In base 10, what is 1182 + 2?
1184
In base 14, what is 137 + -4?
133
In base 12, what is -98 - -5?
-93
In base 16, what is 8f6 + 3?
8f9
In base 7, what is -426 + -4?
-433
In base 6, what is 330 + 5?
335
In base 3, what is -1221 + -211?
-2202
In base 13, what is 1c56 + 5?
1c5b
In base 11, what is 1a - 3?
17
In base 13, what is 0 + -3c?
-3c
In base 4, what is -13 - 132?
-211
In base 12, what is -a9 - 4?
-b1
In base 15, what is -12 - -17?
5
In base 16, what is f - -38b?
39a
In base 5, what is 140 - 1004?
-314
In base 8, what is -374 + 7?
-365
In base 5, what is -1220 - -2?
-1213
In base 4, what is 10 - 120?
-110
In base 11, what is a7 - 3?
a4
In base 3, what is 11022 - 10212?
110
In base 3, what is -20220 + 1?
-20212
In base 2, what is -101 + 100101100?
100100111
In base 9, what is 21 - -16?
37
In base 14, what is 152 - -3?
155
In base 8, what is 7 - 1054?
-1045
In base 4, what is 10 + -220?
-210
In base 3, what is 200 - 2120?
-1220
In base 4, what is 1233023 - 11?
1233012
In base 7, what is -5 - 24?
-32
In base 12, what is 2 - -390?
392
In base 12, what is -3 - -16a4?
16a1
In base 9, what is -3276 + 2?
-3274
In base 9, what is 0 - -50?
50
In base 12, what is 3 - 39?
-36
In base 8, what is 2 + -42?
-40
In base 6, what is -204 + 0?
-204
In base 8, what is 331 + -5?
324
In base 13, what is 0 + -a1?
-a1
In base 6, what is -201 + -13?
-214
In base 2, what is -10001101 - 1110?
-10011011
In base 16, what is 5 + -223?
-21e
In base 15, what is -18e + 4?
-18a
In base 6, what is -2241 + 2?
-2235
In base 16, what is -7 - -75?
6e
In base 10, what is 426 + 5?
431
In base 11, what is 12 + 0?
12
In base 15, what is -21 - -c?
-14
In base 8, what is -6650 + -4?
-6654
In base 14, what is b + 72?
7d
In base 5, what is -2 + -134213?
-134220
In base 10, what is 21 + -2?
19
In base 5, what is 114 - -3?
122
In base 10, what is -264 - -3?
-261
In base 4, what is 30 - -10210?
10300
In base 7, what is 43 - 11?
32
In base 16, what is 5cec + 3?
5cef
In base 8, what is 541 - 3?
536
In base 8, what is -365 - 11?
-376
In base 9, what is -4 - -33?
28
In base 8, what is 55 + -67?
-12
In base 11, what is -13 - -471?
459
In base 16, what is -42 - -9f?
5d
In base 15, what is -be3 + 0?
-be3
In base 13, what is 55 - b?
47
In base 4, what is -2 + -131?
-133
In base 8, what is 5 - -3476?
3503
In base 11, what is -14 - -12?
-2
In base 3, what is 12 + -10010011?
-10002222
In base 12, what is 4 + 42?
46
In base 11, what is 5 - -729?
733
In base 6, what is -30120 + 2?
-30114
In base 9, what is 5 + -675?
-670
In base 3, what is 210 - 101?
102
In base 3, what is 212022 - -11?
212110
In base 10, what is 70 + -1?
69
In base 7, what is 22603 - -2?
22605
In base 13, what is 3 - 144?
-141
In base 14, what is -66 + -32?
-98
In base 8, what is 145 - 60?
65
In base 3, what is -1221 + -102?
-2100
In base 2, what is 100 - 110?
-10
In base 3, what is -200221 - -2?
-200212
In base 14, what is -4 + 1bb0?
1baa
In base 5, what is -1 - -32224?
32223
In base 11, what is -313 - 9?
-321
In base 8, what is -22 + -54?
-76
In base 8, what is 1 + -4?
-3
In base 12, what is -5 - 90b?
-914
In base 4, what is 3 + -33311?
-33302
In base 14, what is 179 + 34?
1ad
In base 13, what is -7 - a9?
-b3
In base 16, what is 274 - 5?
26f
In base 12, what is 106 - 1?
105
In base 8, what is -621 - 4?
-625
In base 14, what is -140 + 4?
-13a
In base 14, what is 5 + 13d?
144
In base 2, what is -11 - 1110?
-10001
In base 9, what is -2584 - -1?
-2583
In base 4, what is -10 - 232?
-302
In base 6, what is 43 - -4?
51
In base 9, what is 1882 - -4?
1886
In base 2, what is -1 + 1000?
111
In base 7, what is 631 - -155?
1116
In base 10, what is -664 - 7?
-671
In base 10, what is 98 - 87?
11
In base 11, what is 3 - -a1?
a4
In base 3, what is -20221 + -21?
-21012
In base 7, what is -1 - 10353?
-10354
In base 9, what is -17 + -10?
-27
In base 2, what is -1111001100 + 0?
-1111001100
In base 5, what is 4222 + -3?
4214
In base 12, what is -2918 + -1?
-2919
In base 14, what is -7 - -7?
0
In base 10, what is -4 + 4?
0
In base 8, what is 146 + -23?
123
In base 3, what is 1102201 - 2?
1102122
In base 5, what is -14 + -34313?
-34332
In base 15, what is 1 - -97?
98
In base 8, what is 4 - -102?
106
In base 14, what is -5a + 32?
-28
In base 9, what is 748 - -15?
764
In base 2, what is -1011001001 - 0?
-1011001001
In base 13, what is -27 - -1?
-26
In base 13, what is 18 + 59?
74
In base 11, what is -2 + -69?
-70
In base 16, what is 5 + 10e?
113
In base 11, what is -4 - 12?
-16
In base 16, what is -4b - -3b?
-10
In base 8, what is 11 + 25?
36
In base 10, what is 44 + 18?
62
In base 15, what is